*c. Suppose m = 5 - c. What is the remainder when 11 is divided by m?
2
Suppose -3*w + 318 = 60. Suppose -b - 19 - w = -4*a, -4*b - 82 = -3*a. What is the remainder when 128 is divided by a?
24
Let n(g) = 4*g**3 - 21*g**2 - 9*g + 2. Calculate the remainder when n(6) is divided by 12.
8
Suppose -5*r = 2*a - 132, 4*a - 7*r - 296 = -9*r. What is the remainder when 529 is divided by a?
73
Suppose 2*s = 3*y + 6*s - 140, 3*y - 2*s - 128 = 0. Suppose -22*k = -26*k + y. Calculate the remainder when 23 is divided by k.
1
Suppose 5*g = -3*j + 182, -5*g + 2*j + 272 = 85. What is the remainder when g is divided by 2*5/(-2)*-2?
7
What is the remainder when 140 is divided by 4 - 6/(-6) - -13?
14
Suppose 7880 = 49*p - 9*p. Calculate the remainder when p is divided by 8.
5
Suppose -r + 31 = -9. Let x = 74 - 42. Let v = x - 18. Calculate the remainder when r is divided by v.
12
Calculate the remainder when (-356)/(-3) + 3/9 is divided by 6.
5
Let d(l) = -2*l + 18. Let i be d(-20). Suppose -4*t + 106 = -i. What is the remainder when 77 is divided by t?
36
Suppose i = o - 3*i + 6, -3*o - 2*i = -38. What is the remainder when 26 is divided by o/(-5) + 4 + 5?
5
Let r be (2 + -3)*22/(-2). Let n = r - 7. Suppose 0*h + 2*h = -5*g + 46, -n*h + 2*g = -44. What is the remainder when 48 is divided by h?
9
Suppose r = -2*g + 15 - 10, 3*g - 15 = -4*r. What is the remainder when 222 is divided by r?
0
Suppose -3*m - f + 82 = -0*m, -4*m = -5*f - 122. Let s = m + -11. What is the remainder when 64 is divided by s?
13
Suppose -6*m + 96 = -54. What is the remainder when 61 is divided by m?
11
Suppose -4*d = 5*f - 7*d - 246, 0 = -4*d + 12. Calculate the remainder when f is divided by 29.
22
Let r = -235 - -450. Calculate the remainder when r is divided by 70.
5
Let h be (1/2)/((-16)/(-96)). Let j(r) = 2*r**3 - 3*r**2 - 3*r + 2. Calculate the remainder when -59*(-3)/9*h is divided by j(3).
19
Suppose -2*h + 138 = 28. Calculate the remainder when 216 is divided by h.
51
Let q(m) = -2*m**3 - 3*m**2 - 4*m - 12. Let p be q(-4). Suppose -4*f - 2*f = -p. What is the remainder when 66 is divided by f?
10
Let v(r) = 2*r**2 + 23*r - 54. Calculate the remainder when v(-15) is divided by 0*1/2 + 27.
24
Let c be 10/(-2)*(-27 - -16). Suppose -b = -5*p + c, b + 0*b = -5*p + 45. What is the remainder when 28 is divided by p?
8
Let k = 74 - 51. What is the remainder when 41 is divided by k?
18
Let t(n) = -n**3 + 4*n**2 + 9*n + 6. Let z = -146 + 150. What is the remainder when 76 is divided by t(z)?
34
Let a(n) = n**3 - 2*n**2 + 2*n - 1. Suppose -5*v - x = -10, 4*v - 2*x + 3 = -5*x. What is the remainder when 69 is divided by a(v)?
13
Suppose 2*g = 2*d + 40, 0 = -d - 5*g - 0 - 20. Let c = -16 - d. What is the remainder when -3 + 48 + (2 - c) is divided by 22?
21
Let i(a) = 4*a**2 - 13*a + 35. Calculate the remainder when 308 is divided by i(6).
5
What is the remainder when (-7)/((-14)/561) + 1/2 is divided by 59?
45
Let b(f) = 2*f**2 - 2*f + 4. Let p be b(-3). Let v = p + 25. What is the remainder when v is divided by 4?
1
Let m be 11/(66/36)*(-3)/(-2). Suppose -231 = -20*a + m*a. What is the remainder when 60 is divided by a?
18
Suppose -2*r = 3*z - 414, 3*r - 276 = -2*z + 2*r. Let j = z - 79. Let v = 69 + -57. Calculate the remainder when j is divided by v.
11
Let c = -26 + 45. Suppose 0 = -21*f + 17*f + 372. What is the remainder when f is divided by c?
17
Suppose -1764*g + 1763*g = -16. Calculate the remainder when g is divided by 3.
1
Let i(m) = 3*m + 27. Calculate the remainder when 73 is divided by i(2).
7
Let n(x) = -x**3 + 7*x**2 + 10*x - 2. Let d be n(8). Suppose -2*k + d = r, 3*r - k - 20 = 4*k. What is the remainder when 36 is divided by r?
6
Let a be 53 - 4 - (0 + -4). Let y = -20 + a. Calculate the remainder when y is divided by 12.
9
Let m(p) = -6*p + 15. Let s be m(-6). Suppose -3*b + s = -150. What is the remainder when b is divided by 17?
16
Suppose 0 = -3*m - 3*y + 48, -3*m = -0*y + 2*y - 52. Suppose 2*n + 3 = -n. Calculate the remainder when m is divided by (-3 + 13 - n) + 0.
9
Let f = -30 - -35. Suppose f*a - 72 = 3*z, -2*z = a + a - 32. Calculate the remainder when 89 is divided by a.
14
Let s be ((219 + 3)/2)/((-6)/(-20)). Suppose 7*o - s + 125 = 0. Calculate the remainder when o is divided by 9.
8
Suppose -3*l + 46 = v - 3*v, 3*l - 4*v - 56 = 0. Calculate the remainder when 22 is divided by l.
10
Let q = -11 + 23. Suppose -27*f + 5152 = 85*f. Calculate the remainder when f is divided by q.
10
Let g(r) = 12*r**2 + 6*r + 2. Let f(c) = 2*c**2 + 10*c + 6. Let a be f(-4). Calculate the remainder when g(a) is divided by -39*(2 - 7/3).
12
Let b(t) = -10*t + 3. Let j be b(2). Let y = 32 + j. What is the remainder when y - 2/4*4 is divided by 5?
3
Let n be 4/((-8)/42) + (-78)/(-26). Let k = n + 39. Suppose 4*s - 182 = -5*f + 337, -100 = -f + 3*s. Calculate the remainder when f is divided by k.
19
Suppose 40 = 3*u + 5*f - 65, 126 = 3*u - 2*f. What is the remainder when 599 is divided by u?
39
Calculate the remainder when -5 - (10848/48)/(1*-1) is divided by 42.
11
Suppose -2 = -2*o + 8. Suppose o = -4*n - 4*f - 3, 4*n + 2 = -2*f. What is the remainder when 1 is divided by n?
0
Let x(v) = -v**2. Let o be x(5). Let u = o - -45. Calculate the remainder when 59 is divided by u.
19
Suppose -3*n - 68 = -3*g - 2, -5*g - n = -116. Calculate the remainder when g is divided by 18.
5
Let l be (16/(-6))/(-1)*(-117)/26. Let y(m) = -m**3 - 13*m**2 - 15*m - 2. Calculate the remainder when y(l) is divided by 18.
16
Let t be (-1)/(-4) - 4/16 - -35. Suppose -t = -5*c + 10*b - 5*b, 5*b = -2*c + 42. Suppose -72 - 56 = -4*v. Calculate the remainder when v is divided by c.
10
What is the remainder when 217 is divided by 14 - (0 - 3/(-1))?
8
Let y(s) = -7*s. Suppose -5*u + 2*w = 5 - 1, 0 = -3*u - 3*w - 15. Calculate the remainder when y(u) is divided by 3.
2
Let m(b) = -3*b**3 - b + 6*b**2 - 2*b**3 + 7 + b**3 + 5*b**3. Let t be m(-6). Let a = t - 8. What is the remainder when 19 is divided by a?
4
Suppose -3*f + 30 = -90. Calculate the remainder when f is divided by (0 - (-42)/(-35))*(-35)/2.
19
Suppose 0 = -18*c + 27*c - 558. What is the remainder when c is divided by 36?
26
Let t be 9/12 + (-13)/(-4). Suppose -3*r - 5*k = 27, -36 = t*r + 3*k - 0*k. What is the remainder when 18 is divided by 3/2*(-24)/r?
2
Suppose 0 = -2*a + 7*a + 5*b + 810, -4*a - 643 = 5*b. Let s = -133 - a. What is the remainder when s is divided by 3/(-9) + 74/6?
10
Let o(g) = 3*g**2 + 2 - g - g**3 + 5 - 15*g**2 + 4. Calculate the remainder when o(-12) is divided by 14.
9
Let c = 81 - 85. What is the remainder when (c + 2)*-19*3/6 is divided by 1/((-1)/(-7 - 0))?
5
Let r be 2*(-94)/28 + (-24)/84. Let d(s) = 8*s**2 - 4*s - 4 + s**3 + 11 + 0. Calculate the remainder when d(r) is divided by 22.
18
Suppose -4*n - 160 = n. Let q = n + 65. Suppose 0 = -7*u + 2*u + 45. What is the remainder when q is divided by u?
6
Let o(b) = -b**3 - 14*b**2 + 14*b - 10. Let h be o(-15). Suppose -h*v + 49 = 14. What is the remainder when (14 - 3)*(1 + 0) is divided by v?
4
Let f = 122 + -46. Let m = -8 - -28. Calculate the remainder when f is divided by m.
16
Suppose -3*q - 20 = -5, m - 29 = 4*q. What is the remainder when (-4)/(9/((-135)/2)) is divided by m?
3
Suppose 36*m = 33*m - 234. Let p = m - -83. Calculate the remainder when 7 is divided by p.
2
Let m = 30 - -24. Suppose -5*k - m = -8*k. Suppose 3*p - 4 = -4*f - p, 36 = 4*f - 4*p. What is the remainder when k is divided by f?
3
Suppose -30*m + 579 + 291 = 0. Calculate the remainder when m is divided by (6/(-4))/((-6)/64).
13
Let y(z) = z**3 - 4*z**2 - z + 5. What is the remainder when 33 is divided by y(4)?
0
Let x(i) = 11 - 56*i**2 + 21 + 55*i**2. What is the remainder when 26 is divided by x(-5)?
5
Let w = -5 - -8. Suppose -w*o - 8*u + 3*u + 75 = 0, 5*o - 5*u - 165 = 0. What is the remainder when o is divided by ((-5*(-16)/(-20))/4)/((-1)/11)?
8
Suppose 37*z - 5254 - 814 = 0. Calculate the remainder when z is divided by 34.
28
Let l = 1560 + -1553. What is the remainder when l is divided by 3*(-3)/((-9)/5)?
2
Let x = 271 + 32. Suppose 7*l - x = 4*l. Calculate the remainder when l is divided by 26.
23
Let m(y) = 2*y**2 + 41*y - 418. What is the remainder when m(8) is divided by ((-30)/(-9))/